git of v?
9
Let w = -3 - 1. Suppose 1 = m + 4, -4*m = 2*z + 16. What is the units digit of (z/w*6)/1?
3
Let y = 36 + -13. What is the units digit of y?
3
Suppose -2*h - 2*h - 260 = -5*y, -3*h + 295 = 5*y. What is the tens digit of y?
5
Suppose 0*p = 3*p - 2*g - 203, -3*p + 208 = -g. What is the tens digit of p?
7
What is the tens digit of 97 - (0 + 3 + 6/(-3))?
9
Let j(r) = -4*r - 21. Let v(h) = 5*h + 21. Let m(x) = -6*j(x) - 5*v(x). Let z be m(12). What is the units digit of -1 + 0 + z - 1?
7
Suppose -7 = v + 17. Let g be ((-1)/(-3))/((-4)/v). Suppose z - 4 = g. What is the units digit of z?
6
Let s = -42 + 30. What is the units digit of 22/6 - (-8)/s?
3
Let z(b) = -b**3 - 7*b**2 - 6*b + 3. Let c(f) = -f**3 - 4*f**2 + 4*f - 1. Let p be c(-5). Suppose -p*l + 1 = 25. What is the units digit of z(l)?
3
Suppose 4*v = 7 + 1. What is the units digit of (43 - 1)*1/v?
1
Let x(t) = t + 5. Let y(k) = -3*k - 14. Let a(b) = 11*x(b) + 4*y(b). Let w = -22 - -13. What is the units digit of a(w)?
8
Let z(x) = 3*x - 5*x**2 - 3 - 2*x**3 + 2*x**2 - 5*x. Let d be z(-2). What is the units digit of 1 - (2/(-1) - d)?
8
Let o(g) be the second derivative of -g**3/6 - 3*g**2 - g. Let f(u) = -12*u**2 + u. Let a be f(1). What is the units digit of o(a)?
5
Suppose -4*j = -1 - 7. Suppose -3*x - 5*u = -16, 3*u = j*x - 41 + 5. What is the units digit of x?
2
Suppose -d = 3*d + 4. Let n = 13 + d. What is the units digit of n?
2
Let r(q) = -23*q**2 - q + 1. Let p be r(1). Let u = p + 31. What is the units digit of u?
8
Let s(b) = -4*b**3 - 2*b**2 - b. Let w be s(-1). Suppose 0 = w*k - 4 - 11. Suppose j = 5, 0*u + k*u = -2*j + 70. What is the units digit of u?
2
Let u(y) = -y**2 + y + 3. Let x be u(-2). What is the tens digit of x/(-6)*(105 + -1)?
5
Suppose 4*x = -2*h + 30, 5*x = -2*h - 2*h + 45. Let b be 10/3*(-6)/x. Let v = 2 - b. What is the units digit of v?
6
Suppose -16 = -2*l - 0. Let d(g) = g**2 - 8*g + l + 0*g + 2. What is the units digit of d(7)?
3
Let k = 36 - 6. Suppose k = 2*r + 3*r. What is the units digit of r?
6
Let y be (12 + -12)/(2/(-2)). Suppose y = -4*z + 3*z + 39. What is the tens digit of z?
3
Let j(o) = o**2 + 13*o - 22. What is the units digit of j(12)?
8
Suppose -4*g - 5 = 2*y - 55, -y - 52 = -5*g. Let p = g + -4. What is the units digit of p?
7
Let a(b) = 7*b**2 + 5*b - 26. Let y(r) = -4*r**2 - 2*r + 13. Let f(h) = -3*a(h) - 5*y(h). What is the units digit of f(-6)?
7
Suppose 3*v = 2*v + 56. Suppose -3*k + v = 2*a + 21, -k + 3*a - 3 = 0. What is the units digit of k?
9
Let w(b) = b**2 + 4*b - 1. Let v be (-2 + 0 + 1)*11. Let r = v + 6. What is the units digit of w(r)?
4
Suppose 4*z - 15 = z. Suppose z*s - 209 = 36. What is the units digit of s?
9
Let c be (-11)/(-1) + (-3)/3. Let g be (-4)/c + 22/5. Suppose -g*l + 2*d = -14, 3*d + 4 = l - 2. What is the units digit of l?
3
Suppose -56*u = -52*u - 272. What is the tens digit of u?
6
Suppose 35 = 4*z + 7. Let x(w) = 3*w - 10. Let q be x(z). Suppose 7*k - 3*k - 5*t = q, -3*t - 1 = -k. What is the units digit of k?
4
Let k(w) = -2*w - 4. Let o be k(-6). Let b(s) = s + 16. What is the units digit of b(o)?
4
Suppose -4*a + 257 = 17. What is the units digit of a?
0
Let d be -10*(-1 + (-9)/(-15)). Suppose d = -i + 13. What is the units digit of i?
9
Let t(q) be the second derivative of 13*q**3/6 + q**2/2 + 3*q. What is the units digit of t(2)?
7
Suppose 3*v - 1 = -l + 6, 2*l + 30 = 5*v. Suppose 0 = -2*g + 4*t + 26, -5*g + 0*t + 59 = -v*t. What is the units digit of g?
1
Let q be (1/2)/((-4)/96). Let d(r) = 3*r**2 - r - 4. Let z be d(3). Let m = z + q. What is the units digit of m?
8
Suppose -4*i + 2 = -14. Suppose h = i*h. What is the units digit of 0 - h - -2 - -3?
5
Let s(r) = r**3 + 4*r**2 - 6*r - 3. Let z be s(-5). Let l = 11 + z. What is the units digit of l?
3
Let l(a) = -a**2 + a + 2. Let j be l(-2). Let c = j - -14. What is the units digit of c?
0
Let c(p) = p**3 + 9*p**2 + 3*p + 31. What is the hundreds digit of c(-5)?
1
Let o(r) be the second derivative of r**3/2 + r**2/2 + 6*r. What is the tens digit of o(6)?
1
Suppose -6 = -3*x, -4*s = 3*x + x - 144. Let z(w) = 7*w**2 + 3*w - 3. Let t be z(-3). Let p = t - s. What is the units digit of p?
7
Let h = 6 - -102. What is the hundreds digit of h?
1
Let l(o) = 2*o**2 + 2*o. What is the tens digit of l(5)?
6
Let q(c) = 22*c - 5. Let r be q(2). Let m = r + -13. What is the units digit of m?
6
Let v = 3 - 8. Let c(o) = o**3 + 7*o**2 + 8*o + 7. What is the tens digit of c(v)?
1
Suppose 0 = 4*u - 4*g - 120, -4*u - 3*g = -44 - 90. What is the units digit of u?
2
Let o be (2 + 4)/1 - 2. Suppose 80 = 4*s + 4*y, 3*s + o*y + 13 - 74 = 0. What is the units digit of s?
9
Let b = 281 + -50. What is the hundreds digit of b?
2
Let p(m) = 129*m**2 - m. Let w be p(-1). Suppose 6*f - w = f. What is the tens digit of f?
2
Suppose 0 = 3*i + 3*i - 408. What is the units digit of i?
8
Let k(t) = t**2 - 2*t + 369. What is the hundreds digit of k(0)?
3
Suppose -4*x + 124 + 182 = -2*n, -5*x + 384 = -4*n. What is the tens digit of x?
7
Let a be (-1 - -8)*(1 - 0). Let d = -2 - -18. Let c = d - a. What is the units digit of c?
9
Let b = 7 - 11. What is the units digit of (-1 - b)*30/18?
5
Let k be -1 + 3 - (1 - -1). Suppose 3*f - f = k. Suppose -5 = -5*d - f. What is the units digit of d?
1
Suppose 2*q - q - 2 = 2*z, -3*z = -4*q + 3. Suppose h + q*h = 3. Suppose -h*k - 2*n + 29 = 0, 0*k + 2*n = -k + 15. What is the units digit of k?
7
Suppose 2*t = -0 + 6. Suppose t*r = 7*r - q - 6, -2 = -4*r - q. What is the units digit of r?
1
Let t = -38 + 20. What is the units digit of -3 - (t + -2)/4?
2
Suppose -2*q = -5*k + 4, q + 3*k - 5 = 2*k. What is the units digit of q?
3
Let r(i) = i**3 - 7*i**2 + 8*i + 1. Let y be r(6). Let v = y + -8. Suppose -5*b + 15 = v*u, -u - 9 = -0*b - 3*b. What is the units digit of b?
3
Let k(c) = -c**3 + c**2 + 8. Suppose 2*r + 0*r = 0. Let j be r/(0 + (2 - 1)). What is the units digit of k(j)?
8
Let r = 207 + -129. What is the units digit of r?
8
Let s(d) = -d**3 + 2*d**2 + 7*d - 6. Let w be s(4). What is the units digit of (-12)/(-4) - (-1 + w)?
4
Suppose -4*s - 27 = -f, -f - 18 = 3*s + 2*s. Let j = 3 - f. What is the units digit of j/22 - (-202)/22?
9
Suppose 0 = p + 4 - 42. What is the units digit of p?
8
Suppose -4*v + i + 263 = 0, 2*v + 2*i = 6*i + 128. What is the units digit of v?
6
Suppose 2*l + 4*c = 26, -4*l - 3*c + 4 = -23. Suppose -4*h + 57 = -l*k, h - 3 = 2*h. Let b = -12 - k. What is the units digit of b?
1
Suppose -3*z - 2*h + 3 = -3*h, -5*h = -3*z + 15. Suppose -o = -z*o - 26. What is the units digit of o?
6
Let g(r) = -14*r. Suppose 0 = 3*x + 3 - 0. What is the units digit of g(x)?
4
What is the tens digit of 291 + (1 - -1)/(10/15)?
9
Let v = 5 + -8. Let j = 14 + v. What is the units digit of j?
1
Let d(o) = -o + 1. Let h be d(-2). Suppose -h*w + 0*w = 0. Suppose w*a + a = 1. What is the units digit of a?
1
Let s = 45 - 24. What is the tens digit of 245/s - 2/(-6)?
1
Suppose 2*r + 3*b - 646 = b, 4*b = 4*r - 1276. What is the tens digit of r?
2
Let s(c) be the third derivative of 3*c**2 + 0*c + 1/120*c**6 + 1/10*c**5 + 0*c**4 + 0 + 4/3*c**3. What is the units digit of s(-6)?
8
Let q = 13 + -11. Suppose 2*b - 20 = 4*y, 4*y + q*b - 7 = -27. Let i = y - -14. What is the units digit of i?
9
Let d(s) = -2*s. Suppose 12 = -4*b + b. What is the units digit of d(b)?
8
Let y = -8 + 3. Suppose -2*h + 3*l = 10, -3*h - 6*l + 2*l - 49 = 0. Let v = y - h. What is the units digit of v?
6
Suppose -2*j + 81 = j. Let l = 43 - j. What is the units digit of l?
6
Let s(w) = 25*w + 1. Let g be s(1). What is the tens digit of (-12 + 9)/((-2)/g)?
3
Let i(j) = 2*j**2 + 7*j + 5. Let k = -17 - -12. What is the units digit of i(k)?
0
Suppose 7 - 35 = 2*q. Let c = -7 - q. What is the units digit of c?
7
Let u(q) = 2*q. Let v be u(2). Suppose 37 - 9 = v*o. What is the units digit of o?
7
Suppose -x - 5*h = -h - 16, 0 = -5*x - 2*h + 26. Suppose 0 = r + r - x. Suppose -3*v = -2*t - 25 + 7, r*v = -2*t + 2. What is the units digit of v?
4
Let l(w) = 18*w**3 + 13*w**2 - 2*w + 15. Let k(v) = -9*v**3 - 6*v**2 + v - 7. Let z(i) = -13*k(i) - 6*l(i). Let n = 1 - 0. What is the units digit of z(n)?
9
Let c(b) = -b + 4. Let z be c(2). Suppose 2*j - 4 = -z. Suppose 2 = s + j. Wh